m(-4). Calculate the highest common factor of 18 and j.
6
Let c be (3/2)/((-3)/18). Let n = c + 11. Let s = 21 - 1. Calculate the greatest common factor of s and n.
2
Let i be (-10)/(-5) + (1 - 2). Let g be i/3 - 106/(-6). Suppose -5*w + g = -4*o, w - 4*w + 4 = o. What is the greatest common factor of w and 10?
2
Suppose 5*x - 484 = -4*k, -3*x = 3*k + x - 362. What is the highest common divisor of 14 and k?
14
Let p = -3 - -8. Let g(o) = -o**3 + 2*o**2 - o - 1. Let l be g(2). Let i be (2 + 0)*1 - l. Calculate the greatest common divisor of p and i.
5
Let u be 4/(8/64 + 0). Suppose -3*q + 160 = -q. Calculate the highest common factor of u and q.
16
Let y(i) = 14*i**2 - 2*i + 2. Let a be y(2). What is the greatest common factor of a and 6?
6
Let q(j) = -j**3 - 4*j - 1. Let m be q(-3). Let h be 4/18 + (-1040)/(-18). Let w = h + m. Calculate the highest common divisor of w and 12.
12
Let z(l) = l**2 - 10*l + 14. Let g be z(10). Let i be (2 - 8)/(8/(-364)). Let p = i - 119. Calculate the greatest common factor of g and p.
14
Let m = 4 + -6. Let p be (1 + m)*-1 - -3. Suppose -4*t - 2*y + 85 = -73, -3*y + 159 = p*t. Calculate the highest common divisor of t and 26.
13
Let q(u) = 14*u - 6. Let z(d) = 9*d - 4. Let k(j) = 5*q(j) - 8*z(j). Let v be k(-5). Suppose 5*a - 53 + 13 = 0. Calculate the highest common divisor of a and v.
4
Suppose -4*q - 170 = -3*b, -b - 56 = -2*b + 2*q. What is the highest common factor of b and 638?
58
Let y = -3 - -8. Suppose 5 + 0 = -w - 2*m, -5*w = y*m + 5. Suppose -5*g = 5*v - 70, 2*v = -2*v - w*g + 55. What is the greatest common factor of v and 13?
13
Let n(k) = -3*k. Let t(s) = 8*s - 1. Let q(m) = 17*n(m) + 6*t(m). Let l be q(-4). Let d be (4 + 0 - 2) + 16. Calculate the greatest common factor of d and l.
6
Let j = -3 + 11. Calculate the highest common factor of j and 88.
8
Suppose -2*o + 3 = k, o - 2 = -k + 2. Let j(d) = d**3 + d**2 + d - 4. Let b be (-5)/(75/(-9))*5. Let y be j(b). What is the highest common factor of k and y?
5
Let w be -1 + 14/12 + (-35)/(-6). Calculate the greatest common divisor of w and 54.
6
Suppose -q + 0*q = 3*i + 5, -4*i = q + 10. Calculate the highest common factor of q and 20.
10
Suppose 2*u + 3*p + 5 = 0, 0 = p - 5 + 2. Let g = 11 - u. Let k(b) = 4*b - 4. Let i be k(4). What is the highest common factor of i and g?
6
Suppose 4*h - 78 = p, 5*p = 3*h + 2*p - 54. What is the greatest common divisor of 100 and h?
20
Let p(i) = 2*i + 6. Let j = 21 - 12. Let g be p(j). What is the highest common factor of 24 and g?
24
Let g be 2/(-9) + 141/27. Calculate the greatest common divisor of 35 and g.
5
Suppose -2*j - 8 = 0, -4*u + 46 = -2*u - 5*j. What is the highest common divisor of u and 143?
13
Let a be ((-4)/5)/(1/(-10)). Let f be (-6)/(((-84)/(-64))/(-7)). Calculate the greatest common divisor of a and f.
8
Let n(u) = u**3 + 8*u**2 + 4*u + 9. Let h be n(-7). What is the greatest common divisor of 6 and h?
6
Suppose 0 = 5*u - k - 495, -u + 4*k - k = -85. What is the greatest common divisor of u and 40?
20
Let i = 3 - -10. What is the greatest common factor of 117 and i?
13
Let r = -1 - -6. Suppose -5*l - 15 = 0, -3*k - l + 22 = -2*k. What is the greatest common divisor of k and r?
5
Suppose -5*b + 4*a + 357 + 755 = 0, -2*b - 5*a = -458. Calculate the greatest common divisor of b and 28.
28
Suppose -5*p = 15, 4*n + 3*p - 523 = -0*p. Let w = 0 + 2. Let c be 1/w - (-111)/6. What is the greatest common divisor of c and n?
19
Let k(a) = -a**3 - 9*a**2 + 8*a - 4. Let w be k(-10). Let j(t) = 2*t**2 + 4*t - 8. Let v be j(-6). Calculate the greatest common divisor of w and v.
8
Let j(a) = 7*a - 3. Let t be j(-3). Let k = t + 35. Calculate the greatest common divisor of 11 and k.
11
Suppose -158 = -4*i + 66. Let t = 5 + 3. Suppose -20 = -2*v + t. Calculate the highest common divisor of v and i.
14
Let o(c) = -c**3 + 10*c**2 - 4*c + 12. Let q be o(10). Let j = q + 126. Calculate the greatest common divisor of 14 and j.
14
Suppose -3*z = 2*r + 5, 2*z + 1 = -3*r - 9. Let t = -4 - r. Suppose -4*a + g + 19 = 0, 0 = -t*a - a - 5*g + 31. What is the greatest common factor of a and 12?
6
Let z = 19 + -16. Calculate the greatest common divisor of z and 21.
3
Suppose -9*a + 400 = -284. Calculate the greatest common divisor of 57 and a.
19
Suppose 0 = -5*z + 728 - 208. What is the highest common divisor of 26 and z?
26
Let i(z) = -2*z + 2. Let q be i(6). Let m be ((-4)/(-5))/((-4)/q). Calculate the highest common factor of 16 and m.
2
Suppose 3*o + 18 - 63 = 0. Suppose 0 = -2*y + 39 - o. Suppose -2*i - 16 = -f, -4*i - 8 = -f + 12. Calculate the highest common factor of f and y.
12
Let c(s) = 2*s - 3. Let g be c(3). Let b be -3 + g - (0 - 2). Calculate the greatest common factor of b and 22.
2
Suppose -3*w = 5*y - 58, 2*y + 5*w - 23 = 4. Let u = -136 - -137. Calculate the greatest common divisor of y and u.
1
Suppose 40 = 2*p - 0*p. Let q = 29 + -19. What is the highest common divisor of p and q?
10
Suppose -2*v + 4*v = 30. Calculate the highest common divisor of 75 and v.
15
Let b(x) = -x**3 + 18*x**2 + 24*x - 25. Suppose 0*j - 2*j + 38 = 0. Let d be b(j). What is the greatest common factor of 28 and d?
14
Suppose 12 - 2 = z. Suppose 0 = 5*q - 252 - 248. Suppose -2*w + q = 3*w. Calculate the highest common divisor of w and z.
10
Let s = -96 - -168. Suppose -3*d + 19 = -4*o - 53, 2*o = 3*d - s. What is the highest common divisor of d and 3?
3
Let f(q) = q**3 - 9*q**2 - 9*q - 1. Let i be f(10). Suppose 3*r - 111 = -2*v, 0 = -2*v + 5*r + 102 + 49. Calculate the highest common divisor of i and v.
9
Let q(b) be the second derivative of b**4/6 - 3*b**2/2 + 2*b. Suppose 0 = -z + 4*z - 9. Let r be q(z). Calculate the greatest common divisor of 5 and r.
5
Suppose -59 = -5*n + 21. Calculate the greatest common factor of 48 and n.
16
Let z be (2/8)/(4/48). Suppose 0 = -3*s + 6, z*s - 65 = -3*i + 49. Suppose 9 = 3*l - 3. Calculate the greatest common factor of l and i.
4
Let u = -40 + 55. Suppose -15 = 5*q, 0 = 7*l - 2*l + 5*q - 585. Calculate the greatest common divisor of l and u.
15
Suppose -25 = -2*y - 3*z, -3*y + 2*z + 5 = -0*z. Suppose -y*p + 2*p = -357. Let g = -23 - -40. What is the greatest common factor of p and g?
17
Suppose 2*b = -4*w + 6*b + 24, -w - 4*b = 19. What is the highest common divisor of 8 and w?
1
Let y(x) = 17*x**3 - x**2 + x + 4. Let f be y(4). Let i be f/42 + 4/14. What is the greatest common factor of i and 39?
13
Let w be 3 - (28 + (-5 - -2)). Let a = w + 39. What is the greatest common divisor of 34 and a?
17
Suppose -4*m + 76 = -5*w + 2*w, 2 = 2*m. Let l be (w/10)/((-21)/70). What is the greatest common divisor of 4 and l?
4
Let v(o) = o + 8. Let z be v(-8). Let i be -8*((-1)/2 + z). Let s be ((-16)/3)/(2/(-6)). What is the greatest common divisor of s and i?
4
Suppose 378 + 648 = 3*v + 3*o, 0 = v - 2*o - 357. Let h = v - 203. Calculate the highest common factor of h and 18.
18
Suppose 19 = -2*k - 3*c, -4*c - 20 = 6*k - 4*k. Let n be (k/10)/(2/(-15)). What is the highest common factor of n and 15?
3
Suppose 5*g - 34 = -5*p + 1, 27 = 4*g + 5*p. Calculate the highest common divisor of 4 and g.
4
Suppose 2*q - f = -3*q + 130, 3*q + 3*f = 78. Let c be 25/4 + (-1)/4. Suppose -a - 325 = -c*a. What is the greatest common factor of q and a?
13
Suppose 0 = l - 131 + 51. Let t(v) = v**2 - 10*v + 8. Let h be t(10). Suppose h = -2*b + 72. Calculate the greatest common factor of l and b.
16
Suppose -2*y = 5*s - 22, -4*s + 4*y + 16 - 4 = 0. Let x = s - 1. What is the highest common factor of x and 6?
3
Suppose 3*p + 40 = 46. Let k(j) = 2*j**2. Let n be k(1). What is the highest common divisor of n and p?
2
Let j = 322 + -461. Let a = 235 + j. Calculate the highest common divisor of a and 12.
12
Suppose -12 + 2 = -2*j. Calculate the highest common divisor of 40 and j.
5
Let f(n) = -n**3 + n**2 - n + 20. Let r be f(0). Suppose 0*o + 5*o = r. Suppose 25 = -5*w, -u + o*w + 27 = -9. Calculate the highest common factor of 16 and u.
16
Let d = -27 - -29. What is the greatest common divisor of 14 and d?
2
Let d be ((-8)/2 - 0)*1 - -21. What is the highest common divisor of d and 17?
17
Suppose 5*g = g + 16. Suppose 4*t + g*y - 32 = 0, 4*t - 34 = -y - y. Suppose 2 = -a + t. What is the highest common divisor of a and